{"id":8636,"date":"2024-03-26T10:14:39","date_gmt":"2024-03-26T09:14:39","guid":{"rendered":"https:\/\/dnevi-avtomatike.si\/?page_id=8636"},"modified":"2026-04-15T12:39:51","modified_gmt":"2026-04-15T11:39:51","slug":"sponzorji-2-2","status":"publish","type":"page","link":"https:\/\/dnevi-avtomatike.si\/?page_id=8636","title":{"rendered":"Sponzorji"},"content":{"rendered":"\n<p>Iskreno se zahvaljujemo vsem na\u0161im sponzorjem za njihovo podporo in pomemben prispevek k uspe\u0161ni organizaciji dogodka <strong>Dnevi Avtomatike in Umetne Inteligence 2026<\/strong>. Z va\u0161o pomo\u010djo soustvarjamo izjemen dogodek, ki navdu\u0161uje ne le \u0161tudente, temve\u010d tudi \u0161ir\u0161o skupnost na podro\u010dju avtomatike. Skupaj dokazujemo, da je z medsebojnim sodelovanjem in vzajemno podporo mogo\u010de dose\u010di izjemne rezultate.<\/p>\n\n\n\n<p>Hvala za va\u0161o podporo in zaupanje. Veselimo se nadaljnjega sodelovanja ter sre\u010danja na zaklju\u010dnem dogodku <strong>21. 04. 2026<\/strong> v avli Fakultete za elektrotehniko.<\/p>\n\n\n\n<p class=\"has-text-align-center has-x-large-font-size\">PARTNERJI DOGODKA<\/p>\n\n\n\n<figure class=\"wp-block-image size-large\"><img loading=\"lazy\" width=\"1024\" height=\"924\" src=\"https:\/\/dnevi-avtomatike.si\/wp-content\/uploads\/2026\/04\/vsi_sponzorji-1-1024x924.png\" alt=\"\" class=\"wp-image-8919\" srcset=\"https:\/\/dnevi-avtomatike.si\/wp-content\/uploads\/2026\/04\/vsi_sponzorji-1-1024x924.png 1024w, https:\/\/dnevi-avtomatike.si\/wp-content\/uploads\/2026\/04\/vsi_sponzorji-1-300x271.png 300w, https:\/\/dnevi-avtomatike.si\/wp-content\/uploads\/2026\/04\/vsi_sponzorji-1-768x693.png 768w, https:\/\/dnevi-avtomatike.si\/wp-content\/uploads\/2026\/04\/vsi_sponzorji-1-1536x1386.png 1536w, https:\/\/dnevi-avtomatike.si\/wp-content\/uploads\/2026\/04\/vsi_sponzorji-1-2048x1848.png 2048w\" sizes=\"(max-width: 1024px) 100vw, 1024px\" \/><\/figure>\n\n\n\n<div style=\"height:80px\" aria-hidden=\"true\" class=\"wp-block-spacer\"><\/div>\n","protected":false},"excerpt":{"rendered":"<p>Iskreno se zahvaljujemo vsem na\u0161im sponzorjem za njihovo podporo in pomemben prispevek k uspe\u0161ni organizaciji dogodka Dnevi Avtomatike in Umetne Inteligence 2026. Z va\u0161o pomo\u010djo soustvarjamo izjemen dogodek, ki navdu\u0161uje ne le \u0161tudente, temve\u010d tudi \u0161ir\u0161o skupnost na podro\u010dju avtomatike. Skupaj dokazujemo, da je z medsebojnim sodelovanjem in vzajemno podporo mogo\u010de dose\u010di izjemne rezultate. Hvala [&hellip;]<\/p>\n","protected":false},"author":2,"featured_media":0,"parent":0,"menu_order":0,"comment_status":"closed","ping_status":"closed","template":"","meta":[],"_links":{"self":[{"href":"https:\/\/dnevi-avtomatike.si\/index.php?rest_route=\/wp\/v2\/pages\/8636"}],"collection":[{"href":"https:\/\/dnevi-avtomatike.si\/index.php?rest_route=\/wp\/v2\/pages"}],"about":[{"href":"https:\/\/dnevi-avtomatike.si\/index.php?rest_route=\/wp\/v2\/types\/page"}],"author":[{"embeddable":true,"href":"https:\/\/dnevi-avtomatike.si\/index.php?rest_route=\/wp\/v2\/users\/2"}],"replies":[{"embeddable":true,"href":"https:\/\/dnevi-avtomatike.si\/index.php?rest_route=%2Fwp%2Fv2%2Fcomments&post=8636"}],"version-history":[{"count":21,"href":"https:\/\/dnevi-avtomatike.si\/index.php?rest_route=\/wp\/v2\/pages\/8636\/revisions"}],"predecessor-version":[{"id":8923,"href":"https:\/\/dnevi-avtomatike.si\/index.php?rest_route=\/wp\/v2\/pages\/8636\/revisions\/8923"}],"wp:attachment":[{"href":"https:\/\/dnevi-avtomatike.si\/index.php?rest_route=%2Fwp%2Fv2%2Fmedia&parent=8636"}],"curies":[{"name":"wp","href":"https:\/\/api.w.org\/{rel}","templated":true}]}}